= t. What is the greatest common factor of 4 and t?
4
Suppose -5*a = -3*o - 2955, o + 3*o + 20 = 0. Suppose a = -14*y + 20*y. Calculate the highest common divisor of y and 42.
14
Let g(m) = -2*m**3 + 8*m**2 - m + 3. Let d be g(-4). Let s = 292 - d. What is the greatest common factor of 29 and s?
29
Let x = 374 + -204. Let q = -160 + x. What is the highest common factor of q and 25?
5
Let q = 22769 + -22624. What is the greatest common factor of q and 15805?
145
Let l be (49 + -48)/(2/402). What is the greatest common factor of 6298 and l?
67
Let q(c) = -9*c**2 - 3*c + 8. Let z be q(2). Let n = 41 + z. Let f = 14 + 14. What is the highest common factor of f and n?
7
Let p(h) = -21*h - 91. Let m be p(-18). Suppose 0 = -2*w - m + 325. Calculate the highest common factor of 247 and w.
19
Suppose -509 = -6*d + 427. Suppose -5*t = 10, -4*t + 2*t + d = y. What is the highest common divisor of 64 and y?
32
Suppose -9*i + 1734 - 294 = 0. What is the highest common divisor of i and 20?
20
Let o = -36 + 40. Suppose 17 = -5*g + 42. Suppose 2*i = -g*d - 2*i + 380, 3*i = 4*d - 304. Calculate the greatest common factor of d and o.
4
Let s be (-3)/(-8) + (-408)/64 - 2296/(-1). Calculate the highest common divisor of 10 and s.
10
Suppose 0 = 5*y + 25 + 10. Let c be 19 - (5 - (11 + y)). Let d = 375 + -213. Calculate the greatest common divisor of c and d.
18
Let a be ((-46)/(-6) - 0)*3. Let i = -348614 + 348660. Calculate the greatest common divisor of a and i.
23
Let h = -5 - 71. Let m = 85 + h. Calculate the highest common factor of m and 12.
3
Let k = -3125 - -3153. What is the greatest common factor of 3836 and k?
28
Let y be (30/35*-1)/(2/14) - -156. Calculate the greatest common factor of y and 2000.
50
Suppose -16*p = 3608 - 328. Let n be 194/10 + (-123)/p. What is the greatest common divisor of n and 10?
10
Suppose 0 = -3*f + 3*t - 12, 8 = -8*f + 11*f + 2*t. Let z(c) = c**3 - 2*c**2 + 2*c + 64. Let q be z(f). What is the greatest common factor of q and 80?
16
Let u = 177 + -175. Suppose u*t - 13 - 16 = -w, 0 = -5*t + 20. What is the greatest common factor of 903 and w?
21
Let i be 209/(-3) + (6/9)/1. Let a = i + 125. Suppose -4*l = -4*q - a, 0*q = 2*l + q - 13. What is the highest common factor of l and 99?
9
Let z be 2 + (-31)/((-248)/1008) + 12. Calculate the greatest common factor of 4865 and z.
35
Let b = -102 - -102. Let y(h) = -h**3 + h**2 - 4*h + 30. Let g be y(b). What is the greatest common divisor of g and 80?
10
Let q(w) = 5*w - 59. Let s be q(23). What is the highest common factor of s and 154?
14
Let g(x) = 30*x - 62. Let m be g(13). Suppose -5*z + 9*z = m. What is the highest common divisor of z and 2?
2
Suppose 0 = k + 3, 0 = -f + 5*k - 9*k - 12. Let o be 6 - (18/(-3) - f). What is the highest common factor of 30 and o?
6
Let f = -2 + 7. Suppose 12*z - f = 17*z. Let p be (-4)/(z/(-1) + -2). What is the greatest common divisor of p and 8?
4
Suppose 22*o = -0*o + 198. Suppose -5*z - 5*d = -30, 2*z - o = -d + 5. Let y be (-1)/(-2) + 553/14. What is the greatest common factor of y and z?
8
Suppose -6*b + 4*b = -506. Suppose -183*a + 570 = -180*a. Let s = a - 167. What is the greatest common factor of s and b?
23
Suppose -2*j = -2*z + 14, 5*j + 31 = 2*z + z. Suppose 229 = 3*q - z*n, 0 = 5*q - 2*n - 0*n - 383. Calculate the greatest common divisor of q and 35.
7
Suppose -5*s = 584 + 21. Let c = 133 + s. Calculate the greatest common factor of c and 12.
12
Suppose -11*h = -145 - 75. Suppose 4 = 4*j - h. Suppose -4*u = 0, 64 = 4*p - j*u + 3*u. What is the highest common divisor of 48 and p?
16
Let a(q) = 4*q**3 - 2*q**2 + 3*q - 9. Suppose -n + 5*z = 13, -2*n + 7*n - 19 = -3*z. Let p be a(n). What is the highest common factor of p and 6?
3
Let t(k) = 116*k + 43. Let f be t(2). Calculate the greatest common divisor of 125 and f.
25
Let f be 3/(72/30048) - (1 - -12). Calculate the greatest common factor of f and 147.
21
Let c = -2760 + 2789. Calculate the highest common divisor of c and 725.
29
Let q be -4 + (0 - -2) + 457. Calculate the highest common factor of q and 140.
35
Suppose 6*b + 1570 = -116. Let y = b + 484. Calculate the highest common divisor of 58 and y.
29
Let d(t) = 8*t**2 - 45*t + 42. Let s be d(9). Let f be s/475 - (-1 - (-124)/(-10)). Let x be (1/2)/(3/36). Calculate the highest common divisor of f and x.
2
Let i(b) = b + 38. Let o be i(0). Let t = -9796 - -9834. What is the greatest common factor of o and t?
38
Let v(x) = 7*x**2 + 0*x**2 + 2*x - 10 + x**3 - 2*x. Let r be v(-6). Suppose -7*n = -6*n - 130. Calculate the greatest common divisor of n and r.
26
Let n be (-3)/9 - (-596)/6. Suppose -90*w + 88*w = 7*l + 24, l + 42 = 4*w. What is the greatest common factor of n and w?
9
Let t(a) = a**2 - 9*a - 514. Let b be t(31). What is the greatest common factor of b and 287?
7
Let o be 54/18 + -2 + 0. Let m be 45/(2/(4/o)). Calculate the highest common factor of 45 and m.
45
Suppose 47*d - 79121 = -42*d. Calculate the greatest common divisor of 28 and d.
7
Suppose 8 = m + m. Let s(r) = 3*r**3 - r**2 + 4. Let p be s(m). Suppose 0 = 5*t + 3*c - 90, 5*c = 9*t - 94 - 68. What is the greatest common factor of p and t?
18
Let a(l) = 4889*l - 27. Let q be a(9). Calculate the highest common factor of 126 and q.
126
Let g be (-65)/(-15) - (30/9 + -3). Suppose -2*c + 3 = 5*y + 2, g*c - 2*y - 14 = 0. Suppose -c*s + 80 - 5 = 0. Calculate the greatest common divisor of 5 and s.
5
Let s = -834 + 1432. Let o be (-104)/(8/(-24)*12). What is the highest common divisor of s and o?
26
Let h be (104/32)/((-3)/(-48)). Let n = 4 + h. What is the greatest common divisor of n and 392?
56
Let w = 5309 + -5275. What is the highest common divisor of w and 8228?
34
Suppose -2*y = 4*w - 162, 87*w - 265 = -3*y + 92*w. Calculate the highest common factor of 1292 and y.
17
Let b = -260 + 516. Let n be 24 - (-24)/((-12)/2). Suppose -n*i = -458 - 182. Calculate the greatest common divisor of i and b.
32
Let d(b) = -28*b**3 + 5*b**2 + 80*b + 264. Let t be d(-4). Calculate the highest common factor of 8 and t.
8
Let y(m) = -m**3 + 115*m**2 + 597*m + 394. Let l be y(120). Calculate the greatest common factor of l and 7633.
17
Let g(t) = -t**3 - 3*t**2 + 10*t + 3. Let v be g(-5). Let i be 5/(-30)*2 - (-556)/v. What is the greatest common divisor of 37 and i?
37
Let o(g) = 6*g**2 - 16*g - 1. Let f(r) = -2*r**3 + 6*r**2 - 5. Let x be f(2). Let n be o(x). Calculate the highest common divisor of n and 9.
1
Let d be 1 + 7 - (-2 + -2707 + 0). Calculate the highest common divisor of 76 and d.
19
Suppose i - 4881 = -3*a, -4*a - 4*i - 4343 = -10859. Calculate the highest common divisor of a and 6.
6
Let m = 662 + -361. Suppose 43 = -4*x + 8*x + 3*i, -10 = -5*x + 5*i. What is the greatest common divisor of m and x?
7
Let o = -1228 - -1435. What is the greatest common divisor of 23 and o?
23
Let g = -1477 + 1501. Let o(b) = -b**2 + b + 156. Let y be o(0). What is the highest common factor of g and y?
12
Let o = 127 + -127. Suppose o = -13*c + 28 + 37. Let n be (5*c/25)/(3/27). Calculate the highest common divisor of 27 and n.
9
Suppose 2*o - w - 92 = -5*w, 0 = -2*w + 6. Let p(a) = 3*a**2 - 4*a - 4. Let r be p(-4). Let v = r - o. What is the greatest common divisor of 10 and v?
10
Let j = -3390 - -3846. What is the greatest common factor of 384 and j?
24
Let n be (-2)/(0 + 2/(-23)). Suppose 0 = -i - 2655 - 3753. Let g be i/(-56) + 12/21. What is the greatest common divisor of g and n?
23
Suppose -b = 4*b - 10. Suppose 3*m = -b*m + 660. Suppose -2*o - 24 = -z, 0*o - 4*o = -5*z + m. What is the greatest common divisor of z and 70?
14
Let m(t) = 14*t**2 + 56*t**2 - 19*t**2 + 6*t - 3*t. Let l be m(-2). Let s = 310 - l. What is the greatest common factor of s and 16?
16
Suppose -2*x = -87 - 33. Let h be 252/(-10) + 12/x. Let c = 55 + h. What is the greatest common factor of 12 and c?
6
Suppose 14*f - 155 - 567 = 566. Calculate the highest common factor of 3335 and f.
23
Suppose 5844 = 49*w + 1385. What is the highest common divisor of 572 and w?
13
Suppose 3*o = 5*n + 1518, 2*n + 10 - 22 = 0. What is the greatest common divisor of o and 120?
12
Let t = -199 + 203. Suppose -3*m + t*m = 28. Calculate the greatest common divisor of 70 and m.
14
Let h(u) = -u**2 + 7*u + 70. Let s be h(13